 = k + 1208. Suppose -o = -4*y - 4*a, -y + a + 425 = y. Is y a composite number?
True
Suppose 6*z = 2*z + 16. Suppose z*a - 4921 = -3*a. Is a a composite number?
True
Let t be (-10 + 152/16)/((-2)/(-4)). Is ((-106464)/8 - -5)*t prime?
False
Let o(i) = 430*i + 80. Let m(n) = -16*n - 3. Let q(w) = 55*m(w) + 2*o(w). Let r be q(-11). Suppose -t + 2*j = -45, 0 = 4*t + j + 8 - r. Is t a composite number?
True
Let p(n) = -292*n + 212. Let u(c) = 290*c - 212. Let o(h) = -2*p(h) - 3*u(h). Is o(-15) a prime number?
False
Suppose c + 7 = 5*y, -y - 2 = -5*c + 35. Let n be (2/(-4))/(c/16). Is 62 - n*(0 - -3) composite?
True
Suppose -4*k + 9 = 5*k. Let u(y) = 526*y**2 + 2*y - 2. Let l be u(k). Suppose 0 = 2*t + l - 2280. Is t a prime number?
True
Suppose 3362*h + 2413482 = 3365*h + 3*a, -2*h - 4*a + 1608982 = 0. Is h composite?
False
Let k = 43 - 45. Let g be k/13 - 1946/26. Is (-2)/(-10) - 12210/g prime?
True
Let v be 3076/(-20) + (-1)/5. Let o = -142 - v. Suppose 8*x + 5*n + 3591 = 9*x, -3*n = -o. Is x a prime number?
False
Suppose -61*f - 2631 = -64*f. Suppose -4*i + 391 = -f. Is i a prime number?
True
Let x(i) = 37*i**2 + 8*i + 5. Let g(w) = -w - 22. Let y be g(-18). Is x(y) composite?
True
Suppose 3*d + 5*o = 25599, 2*o + 6591 = 3*d - 19029. Let b = d - 1426. Suppose -2*i - 3*j = -4753, 4*i + j = i + b. Is i a prime number?
False
Suppose 4051059 = -250*x + 273*x. Is x a prime number?
False
Suppose -121472 = -2*h + 22*g - 19*g, 5*g - 60749 = -h. Is h a composite number?
True
Let d(k) = 42*k**2 + 254*k - 283. Is d(48) prime?
True
Let h(i) = -102*i**3 + 3*i - 7. Let d(n) = 204*n**3 - 6*n + 15. Let s(q) = 4*d(q) + 9*h(q). Let g be s(3). Let f = g + 4637. Is f composite?
False
Let y = -40 - -40. Suppose -4*j = w + j - 26, 5*w + 2*j - 61 = y. Suppose -6*p = -w*p + 1475. Is p a composite number?
True
Let l = -101943 - -170358. Is 1/((-68400)/l - 1/(-1)) a prime number?
True
Suppose 0 = -2*y + 5*d - d + 10, -4*y + 3*d = -25. Suppose -y = -2*j - 1. Suppose -j*m = -304 - 173. Is m a prime number?
False
Let c(v) = v**3 - 92*v**2 + 327*v - 5. Is c(96) a composite number?
True
Let l be (16361/(-8))/(9/(-72)). Suppose -l = -4*x + 9723. Is x prime?
True
Let n = 1381 - 961. Suppose -3 = 2*z - 13. Suppose j + 0*j = z, -n = -k - 5*j. Is k composite?
True
Let j = -152698 - -297789. Is j composite?
False
Let m be 5 - (14/4)/((-12)/(-24)). Is -10*4265/(-20)*(4 + m) composite?
True
Suppose -7*x + 15 = -5*x + 3*z, 13 = 3*x - 5*z. Suppose 3*c - 5499 = 3*r - x*r, 0 = 3*r - 4*c - 5513. Is r a prime number?
False
Suppose 3*w + 19*n - 258204 = 16*n, 2*w - n = 172139. Is w composite?
False
Let p(y) = -12*y**2 - 10*y + 2. Let n(o) = -35*o**2 - 29*o + 7. Let r(t) = -3*n(t) + 8*p(t). Suppose 0 = -147*b + 1 + 1028. Is r(b) prime?
False
Let v(u) = -4*u**3 + 8*u**2 + 2*u - 4. Let i(r) = -r**3 + r**2 + r. Let j(n) = -5*i(n) + v(n). Let d be j(-3). Is (d - (-126)/(-24))*-1636 a composite number?
False
Let c be (-6)/(-1) + 2 + 0. Let k(u) = 10*u**3 + 9*u**2 - 8*u - 33. Is k(c) a composite number?
True
Suppose -4*h = -4*u + 32, 0 = 3*u + u - 3*h - 30. Suppose -4*r - 18390 = -3*i - 55297, 2*i - u = 0. Is r prime?
False
Suppose v + 145 = -2*a, 0 = -4*a - 0*v + 2*v - 310. Let c = 221 + a. Is c a prime number?
False
Let w be -2*(6 - (-90)/(-12)). Let r(s) = 2054*s - 89. Is r(w) prime?
True
Suppose -445*c + 450*c - 10 = 0. Suppose -c*n - 5*z = -26457, -3*z = 5*n - 6*z - 66220. Is n a prime number?
True
Let z(a) be the third derivative of -65*a**4/2 + 13*a**3/6 - a**2 + 6. Is z(-4) a composite number?
True
Suppose 0 = -7*b + 9*b - 884. Suppose 4*g + 1700 = 2*n + b, -3*g + 1265 = 2*n. Is n composite?
False
Let z be (-730 + 0)/((-99)/12 + 8). Suppose -2*y - 2*d + 1184 = 0, 7*y - 3*d - z = 2*y. Is y prime?
True
Let u be (-333)/(-36) + -7 - 1/4. Suppose -u*p + 28669 = 5*i - 6*p, -3*i = 3*p - 17223. Is i composite?
False
Let f(p) be the second derivative of 0 + 17*p**2 - 1/20*p**5 + 1/12*p**4 + 20*p - 1/6*p**3. Is f(0) prime?
False
Let c(w) = -4*w - 16. Let o be c(-3). Let h(q) = -q**2 - 6*q - 5. Let z be h(o). Suppose 0 = 3*p - 4*i - 4699, 2*p + i - 3130 = z*i. Is p a prime number?
False
Suppose -5*u + 2*u + 27 = 4*r, 4*u - 23 = -r. Suppose 0 = k + 5*b + 1021, -u*b = -k - b - 1003. Is (-68)/(-16) + -4 - k/4 a prime number?
False
Let y = 284 - 277. Suppose 2*o - 445 = -z, -y*o - 666 = -10*o - z. Is o prime?
False
Suppose -3*b + 191604 = 3*j, 766446 = j + 11*j + 2*b. Is j a composite number?
True
Suppose -6*b = 4*d - 435578, 0 = 84*d - 83*d - 2. Is b a prime number?
False
Let v(o) = 30*o - 358. Let x be v(12). Suppose -6 = x*s - 0, 1338 = 3*r - 3*s. Is r prime?
True
Suppose -5*b = 4*k - 10, k + 4 = -0*b + 2*b. Suppose -10493 = -m - 4*i, -6418 - 14603 = -b*m - i. Is m a prime number?
True
Suppose -108*m - 77*m + 18314904 = -12718106. Is m prime?
False
Suppose -5*l + 111 = 32*l. Let r(w) = -3*w - w + 8 - 4*w**2 + 17*w**3 - 6*w**3 + 2*w. Is r(l) composite?
False
Let f be (5 - 342162/(-30))/(1/5). Is ((-26)/8)/((-17)/f) composite?
True
Suppose -16*o + 13*o - 18 = 0. Let n(w) = 2*w + 13. Let l be n(o). Is (l - 1062)/(-1*1) a composite number?
False
Suppose 5*a = -3*u - 71439, 6*u = -4*a + 5*u - 57154. Let t = a - -25838. Is t composite?
False
Suppose -3*z - 3*q + 7*q + 35 = 0, 0 = -4*z - q + 34. Suppose 11*f - 7500 = z*f. Let c = f + -2017. Is c prime?
True
Suppose 4*p - 17717 = -3125. Suppose 4*f + 8809 = 5*c, -4*f = 4*c - 3428 - p. Is c a composite number?
True
Suppose 0*x + 27*x = 1788020 + 2926693. Is x a composite number?
True
Let x = -380 - -384. Suppose 5*i + z = 102343, 0 = -5*z - 6 - x. Is i a prime number?
False
Is (-22)/(-154) - 141720/(-14) a composite number?
True
Suppose 0 = 13*a - 1885819 + 708399 - 3213187. Is a composite?
True
Suppose 26*c - 92 = 3*c. Let g(n) = n**2 - 3*n + 2. Let f be g(3). Suppose -h + 115 = -f*q, -339 = -3*h + c*q - 0*q. Is h a composite number?
False
Let i(t) = 22*t + 142. Let r be i(37). Suppose r = m + 3*k, 10*k = 5*m + 5*k - 4680. Is m a composite number?
False
Suppose 0 = -v - 5 + 41. Let b = -35 + v. Let r(h) = 22*h**3 - h**2 - 2*h + 2. Is r(b) a composite number?
True
Suppose -2766374 = -5*b - 3*r, -4*b - 3*r = -1460660 - 752441. Is b prime?
False
Let q(a) = -2*a**3 - 12*a**2 + 15*a - 2. Let f be q(-13). Suppose -4*m + 340 = -3*x - f, 3130 = 5*m - 5*x. Is m a prime number?
True
Let u = -28121 - -307390. Is u a prime number?
True
Let n(i) = 51*i**2 - i + 3. Suppose 16*h - 11*h + 3*m - 22 = 0, 26 = 3*h + 5*m. Is n(h) prime?
False
Suppose -12 = 3*k, 0 = 3*r + 3*k + 2*k - 10. Suppose 13*m = -r*m + 55246. Is m a prime number?
False
Let d = 35692 + -24729. Is d prime?
False
Let o be -5 + 9 - 2 - -1. Suppose 0 = 2*b + o*w + 1 - 80, 4*b - 5*w = 103. Is 433206/102 - (2 + b/(-17)) composite?
True
Let i(n) = -n**2 - 2*n + 37. Let a be i(-7). Is 6070 - (4 - (a + 3)) prime?
False
Suppose 0 = 5*n - 4*d - 14, 2*d + 3 = -d. Suppose 3*p = -p - 4, 4809 = 4*v + 3*p. Suppose n*g = 2267 + v. Is g a composite number?
True
Is 517962/60 + 9/30 composite?
True
Let y = -45 - -57. Let c be (y/(-3) - -3) + 70. Let p = 146 - c. Is p composite?
True
Let z = 5 + 1. Let f be 3/z + (-7)/(-2) + -2. Is (8/(-6))/(f/3) - -1051 a prime number?
True
Let y = 6038 + -2169. Suppose 2*n = -4717 - y. Let x = n + 6236. Is x a composite number?
True
Let r(w) = 1971*w + 69. Let a(s) = 986*s + 33. Let c(m) = 13*a(m) - 6*r(m). Is c(1) a prime number?
False
Suppose l = -2*o + 42332, 169284 = 3*l + l - 3*o. Let q be 5/(-1) + l/12. Is ((-8)/(-3) + -3)/((-1)/q) composite?
True
Is 743481/27 - 40/12 a prime number?
False
Let s be 24*(6 + -7)*2. Is 6132 + (7 - s/(-6)) composite?
False
Let i(w) = -w**2 - 2*w + 6. Let k be i(-3). Let l(v) = k + 33*v + 2 + 2*v + v. Is l(5) composite?
True
Suppose -4*o = 8*b - 14126172, 119*o + 7063080 = 4*b + 115*o. Is b a composite number?
True
Suppose -31368012 - 17901716 = -97*t + 17261117. Is t a prime number?
False
Let q(y) = -17*y - 1. Let z be q(-5). Suppose 3*u + u = -z. Let p(a) = -a**3 - 20*a**2 + 17*a - 29. Is p(u) prime?
False
Suppose -12*m = -13536 - 22464. Suppose 4*p - m = 7468. Is p a prime number?
True
Is ((-6)/(-10) - 1) + (128248803/95 - -6) composite?
False
Let a(i) = i**3 - 7*i + 5. Let x be a(2). Let l be (-36342)/(-18)*(0 - x). Suppose 0 = -4*v + v + l. Is v p